?
2
What is the hundreds digit of (6 + -2 - (-3 + 5)) + 885?
8
Let d = 57 - -60. Suppose -3*m - 180 = 3*w, 2*m - d = 4*m - w. Let j = -42 - m. What is the units digit of j?
7
Suppose u + 0*u + 3*a = -12, -3*u = 3*a + 6. Suppose 0*m + 87 = -u*m. Let s = m - -38. What is the units digit of s?
9
Suppose 6*c = 5*c + 523. What is the tens digit of c?
2
Suppose 21 - 5 = -8*k. What is the tens digit of k/(-2) + 1*34?
3
Suppose 156 = 30*q - 26*q. Suppose 0 = -2*g - 10, -q = b + 2*g - 162. What is the tens digit of b?
3
Let z(t) be the first derivative of -t**4/4 - 11*t**3/3 + 5*t**2/2 + 8*t - 2. Let f be z(-11). Let k = f + 68. What is the tens digit of k?
2
Let p(r) = -r**3 + 5*r**2 - 3*r + 6. Let k(n) = 4*n + 2. Let q be k(2). Let u(h) = h**2 - 9*h - 6. Let l be u(q). What is the units digit of p(l)?
0
Let d = 2996 - 2008. What is the hundreds digit of d?
9
What is the units digit of (-1 - 591/(-6)) + 7/14?
8
Let b = -386 - -625. What is the hundreds digit of b?
2
Suppose n - 1412 = -12*c + 16*c, n - 5*c = 1412. What is the thousands digit of n?
1
Suppose 4*p - 3*m - 1835 = 0, -2*p + 0*p + 934 = 4*m. What is the hundreds digit of p?
4
Let w be (-2 + -3)/(-1*3/3). Suppose -4*i - 12 = 0, 0*i - i + 1132 = w*d. What is the units digit of d?
7
Suppose -4 = -3*i - 1. Let l be 121 + 3/(i + 2). Suppose -5*o = 4*x - 235, 2*x + 2*o - l = -2*o. What is the units digit of x?
5
Suppose -8*s = -1305 - 10135. Suppose 7*d = 320 + s. What is the units digit of d?
0
Let i be (-1)/((-1)/3 - (-416)/1131). Let k = i - -43. What is the tens digit of k?
1
Suppose 707 = s + 5*g - 455, 2*s - 5*g = 2309. What is the units digit of s?
7
Let k(r) = r**2 + r - 2. Let y be k(8). Suppose -16*u + 14*u = -y. What is the tens digit of u?
3
Let l(y) = 2*y**2 - 3*y + 4. Let r = -8 - -11. Let v(g) = 3*g**2 - 4*g + 4. Let p(d) = r*v(d) - 4*l(d). What is the units digit of p(6)?
2
Let t = 27 + -24. Suppose t*l = f - 86, f + l - 207 = -f. What is the hundreds digit of f?
1
Let h(x) = 16*x**2 - 5*x + 2. Let m be h(-6). Suppose -t + m = 2*o + 2*o, -o - 2*t = -152. Let y = o - 96. What is the units digit of y?
6
Let u = 19 - -197. What is the hundreds digit of u?
2
What is the hundreds digit of (-30442)/(-10) - (-7 + (-72)/(-10))?
0
Suppose -4*c - 9682 = -2*l, -3*l = -5*c + 5926 - 20445. What is the tens digit of l?
3
Suppose -14 = -4*c - 0*q - 2*q, -2*c - 4*q = -10. Let u = 6 - c. Suppose -3*y = -b - 32, -u*b = 3*y - b - 44. What is the units digit of y?
2
Suppose 0 = -6*r + r + 5, -17 = -3*l - 2*r. Suppose 0 = -n + l*f + 105, -f = 4*n - 3*f - 348. What is the units digit of n?
5
Suppose 3*x - 3728 = 2*z - 1486, -3*z - 15 = 0. Let h = x - 468. Suppose -2*s + h = 4*s. What is the tens digit of s?
4
Suppose 6*a = 7*a - 572. What is the tens digit of a?
7
Let i = -3068 - -4436. What is the tens digit of i?
6
Let b be (-2)/(-15) - (-116)/30. Suppose -b*o = -35 + 3. Suppose 0 = -o*p + 130 + 342. What is the tens digit of p?
5
Let c(x) = -x**3 - 12*x**2 + 18*x + 14. What is the tens digit of c(-14)?
5
Let c(d) = -5*d + d**2 - 5 + 15*d + 3. What is the units digit of c(5)?
3
Let a = -13 + 13. Suppose c = 3*d + 2*d - 352, a = -d + 2*c + 74. What is the tens digit of d?
7
Suppose -4*k + 5*d = -31, -4*k - 1 = 4*d - 5. Suppose k*l = -0*l + 660. Suppose 2*o - 78 = 2*b, 0 = -2*o - 3*o - b + l. What is the tens digit of o?
3
Suppose 3*z - 468 = -0*z. Suppose z = 7*n - 4*n. Suppose 0 = -3*t + n + 101. What is the units digit of t?
1
Let z be 775/(-20) - (-9)/12. Let q = z - -99. What is the tens digit of q?
6
Let z(m) = -5*m**3 - m**2 - m. Let f be z(-1). Suppose -t + 7 - f = 0. Suppose 0 = 2*l + 2*k - 3*k - 18, t*k + 6 = l. What is the tens digit of l?
1
Let t = 1812 - 321. What is the units digit of t?
1
Let f(m) = 2*m**2 - m + 3. Let a(u) = -u**2 - 1. Let w(g) = -3*a(g) - f(g). Let n be w(-2). Suppose -b = n*b - 30. What is the units digit of b?
0
Let n be -11 + -101 + (-2)/(-1). Let i = n + 174. Suppose a = -3*a + i. What is the units digit of a?
6
Suppose -2*i - 4*j = -152, -3*i - j + 220 = j. What is the tens digit of i?
7
What is the thousands digit of 586*(-9)/((-9)/2)?
1
Suppose 0 = 3*n + 2*o - 37, 0 = 7*n - 2*n + 5*o - 65. Let m be (n - 2)*2/(-6). What is the tens digit of (m - (-2 + 2)) + 38?
3
Let f(n) = n**2 + n. Let q(j) = -2*j**2 - 15*j - 8. Let d(p) = -3*f(p) - q(p). What is the units digit of d(9)?
5
Let g = -513 + 1229. What is the hundreds digit of g?
7
Suppose 3 = -s + 5. Suppose -5*w - 21 = -s*c, 3*w - 2*w = 5*c - 18. Suppose -d + 4*q + 92 = 0, 0 = 2*q + c + 5. What is the tens digit of d?
7
Suppose 4 = 3*x - x. Let o be x + -1 + 1 + 2. Suppose 5*q + 2*n = 50, 3 = 3*q - o*q - 3*n. What is the units digit of q?
2
Let f(n) be the first derivative of 17*n**3/3 + n**2/2 - 5*n - 10. What is the tens digit of f(2)?
6
Suppose 8*m - 3467 - 4213 = 0. What is the units digit of m?
0
Suppose i = 3 - 0. Suppose -4*k + 15 = -i*l - 6*k, 0 = 4*l - 5*k - 3. What is the units digit of 36/27 - 8/l?
4
Let v = -402 - -410. Let f be ((-10)/(-6))/((-1)/9). Let i = v - f. What is the tens digit of i?
2
Let g(p) = 39*p**2 + 95*p - 12. What is the thousands digit of g(8)?
3
Suppose 58259 = 24*t + 9635. What is the tens digit of t?
2
Let v be (-4 + 24/4)*-22. What is the tens digit of (-6)/(2 + v/20)?
3
Suppose 890 = 5*d - 2*g - 3*g, -5*d + 4*g + 887 = 0. What is the hundreds digit of d?
1
Suppose 67 + 47 = -2*t. Let l be (-2496)/20 - ((-12)/(-10) - 1). Let u = t - l. What is the tens digit of u?
6
What is the tens digit of 10 + -16 - (4 - 41)?
3
Let q = -14 + 24. Let o(p) = 2*p**2 - 10*p. Let y be o(q). Suppose -j - y = -5*j. What is the units digit of j?
5
Let a = -2216 - -5949. What is the thousands digit of a?
3
Suppose 7 = d + 2*s, 3*d - 3*s - 49 = -2*s. Suppose -d - 9 = k - 4*u, u = 3*k + 28. Let l(f) = -f**2 - 8*f + 5. What is the units digit of l(k)?
5
Suppose 32*f + 914 = 34*f. What is the units digit of f?
7
What is the units digit of (1034 - (-5 - -5)) + 5?
9
Let k = 1050 - 349. What is the units digit of k?
1
Suppose 1599 = 2*p - z, -2*z - 1956 + 354 = -2*p. What is the hundreds digit of p?
7
Let y = -27 + 36. What is the tens digit of 26/117 + 169/y?
1
Suppose -5*d + 3*x + 99 = 0, 5*d - 4*d - x - 21 = 0. Suppose -2*c + 794 = c + 4*a, -c + 264 = 2*a. What is the units digit of c/d - (-4)/18?
5
Let j = -32 - -18. Let y(x) be the first derivative of -x**3/3 - 8*x**2 - 9*x + 3. What is the tens digit of y(j)?
1
Suppose -3*l + 55 = -5. Suppose -2*n - 8 = 2*x - l, 5*n - 21 = 4*x. Suppose -n*c + 2*v = 5*v - 49, v = 3. What is the units digit of c?
8
What is the thousands digit of 9040/28*35/10?
1
Let g = -73 - -106. What is the units digit of g?
3
Suppose -10*t + 2*b = -8*t - 400, 0 = -2*b + 10. What is the hundreds digit of t?
2
What is the hundreds digit of ((-30)/3)/(-5) + 634?
6
Suppose -4*h = -2*t + 822, -3*t + 2*h + 1399 - 170 = 0. What is the tens digit of t?
0
Suppose 0 = -g + 2*k + 875, -4*k = -2*g - 8*k + 1734. What is the units digit of g?
1
Let q be 12/(-16)*4/(-1). Suppose -q*z + 73 + 47 = 0. What is the units digit of z - (-2)/(5 + -3)?
1
Suppose -19341 - 2325 = -6*f. What is the tens digit of f?
1
What is the tens digit of (3/2)/(1*(-8)/(-9456))?
7
What is the units digit of (-1)/(7/(-1183)*(-4)/(-8))?
8
Let j = 57 - 48. Suppose -j*n = -5*n - 8. What is the units digit of n?
2
Let o(x) be the third derivative of x**6/120 + 7*x**5/20 - x**4/12 + 7*x**3/2 - 4*x**2. What is the units digit of o(-21)?
3
Let t be (-2)/(-10) + (-147)/(-15). What is the tens digit of (t + 4 + -3)*1?
1
Suppose -g + 4*w = -27, 3*g - 5*g - 4*w = -90. What is the tens digit of g?
3
What is the units digit of (-468)/(-3) + -1 + (15 - 18)?
2
Let v(s) = 10*s - 55. Let t be v(6). Suppose -8*i + 3*i - 5*p + 235 = 0, 2*p = -t*i + 220. What is the units digit of i?
2
Suppose -17 = -2*u + 3*l, 3*l - 8 = -u - 22. Suppose 0 = -k - c + 40, 9*c + 136 = 3*k + 4*c. What is the tens digit of 2*u/(3/k)?
2
Suppose 0 = -2*f + t + 4*t - 18, -5*f + 21 = 4*t. Suppose -6*d + f = -29. What is the units digit of d?
5
Let q = -17 + 57. Let p = q - -68. What is the tens digit of p?
0
Suppose 5*m - 12597 = -3*k + 11556, 5*m = -k + 24151. What is the units digit of m?
0
Let f(y) = y**3 - 13*y**2 - y + 12. Let l be f(13). Let r = 53 - l. Su